hat is the highest common factor of 4484 and 241664?
236
What is the greatest common divisor of 190470 and 420?
210
What is the greatest common factor of 7488 and 221?
13
Calculate the highest common factor of 36352 and 80.
16
What is the greatest common factor of 33235 and 1564?
391
What is the highest common factor of 1287 and 117?
117
What is the greatest common factor of 56917 and 2303?
329
What is the highest common factor of 182908 and 8?
4
What is the highest common divisor of 900 and 2560?
20
Calculate the highest common divisor of 48 and 128768.
16
Calculate the greatest common factor of 468 and 32.
4
What is the greatest common factor of 35 and 235?
5
Calculate the highest common factor of 111753 and 3969.
27
What is the greatest common factor of 7682 and 483?
23
What is the greatest common factor of 48108 and 18468?
228
Calculate the greatest common factor of 101992 and 8.
8
Calculate the highest common factor of 24200 and 8140.
220
Calculate the highest common factor of 19053 and 5278.
29
What is the greatest common factor of 4588 and 2604?
124
Calculate the greatest common factor of 191841 and 507.
39
What is the highest common factor of 79458 and 82?
82
Calculate the greatest common divisor of 18 and 150534.
18
What is the greatest common factor of 5754 and 78?
6
Calculate the highest common factor of 1000 and 5080.
40
Calculate the greatest common factor of 105726 and 804.
402
What is the greatest common divisor of 332 and 9877?
83
What is the highest common factor of 330826 and 742?
106
Calculate the greatest common factor of 8 and 982.
2
Calculate the highest common divisor of 6006 and 235950.
858
Calculate the greatest common divisor of 514983 and 189.
21
What is the highest common divisor of 28836055 and 431?
431
What is the highest common divisor of 525 and 650175?
75
What is the highest common factor of 336 and 531510?
42
Calculate the highest common factor of 296 and 26751.
37
Calculate the highest common factor of 7203 and 9.
3
Calculate the highest common divisor of 2773 and 944.
59
Calculate the highest common divisor of 452 and 457537.
113
Calculate the highest common factor of 141605 and 2540.
635
Calculate the greatest common divisor of 1166 and 1518.
22
What is the greatest common factor of 3745 and 2384495?
535
What is the greatest common divisor of 114 and 262200?
114
Calculate the highest common divisor of 1429 and 2.
1
Calculate the greatest common divisor of 1107 and 83148.
123
Calculate the highest common divisor of 8371 and 73817.
761
Calculate the greatest common factor of 1974 and 1442.
14
What is the highest common factor of 4343 and 2752?
43
Calculate the greatest common divisor of 5207 and 254.
127
Calculate the greatest common factor of 63660 and 60.
60
What is the greatest common factor of 230 and 77395?
115
Calculate the greatest common factor of 94952 and 611.
13
What is the highest common factor of 10455 and 13243?
697
What is the greatest common divisor of 3699 and 1323?
27
What is the greatest common divisor of 12978 and 8?
2
Calculate the greatest common divisor of 145 and 23780.
145
What is the greatest common divisor of 3913598 and 130?
26
Calculate the highest common divisor of 289777 and 6923.
989
Calculate the highest common factor of 32 and 340.
4
What is the greatest common divisor of 11570403 and 1794?
897
What is the highest common divisor of 228 and 59376?
12
Calculate the highest common divisor of 55046 and 1394.
34
Calculate the greatest common divisor of 155 and 277195.
5
Calculate the greatest common factor of 231 and 1243.
11
What is the highest common factor of 228 and 91257?
57
What is the greatest common divisor of 71630 and 931?
19
What is the greatest common factor of 9282 and 27638?
26
Calculate the highest common divisor of 25 and 141625.
25
What is the greatest common factor of 10208 and 517418?
638
What is the greatest common divisor of 640 and 31936?
64
What is the highest common divisor of 1513 and 527?
17
What is the greatest common factor of 1908 and 29998?
106
Calculate the highest common divisor of 3376 and 1168.
16
Calculate the greatest common divisor of 434 and 1333.
31
What is the highest common factor of 212864 and 40?
8
What is the highest common factor of 621279 and 144?
9
Calculate the greatest common factor of 52165 and 15.
5
What is the highest common factor of 9771 and 81?
3
What is the greatest common factor of 21 and 1640940?
21
What is the greatest common factor of 10800 and 10500?
300
What is the highest common factor of 165 and 79805?
55
What is the greatest common factor of 6273 and 4539?
51
Calculate the highest common factor of 146 and 178.
2
Calculate the highest common divisor of 135 and 5145.
15
Calculate the greatest common factor of 1802 and 442.
34
What is the greatest common factor of 8896 and 96?
32
What is the greatest common factor of 17084 and 8?
4
What is the greatest common divisor of 86834 and 187?
11
Calculate the greatest common factor of 325 and 881140.
65
What is the greatest common divisor of 46365 and 1595?
55
What is the greatest common divisor of 183295 and 875?
35
Calculate the highest common factor of 287583 and 1492.
373
Calculate the greatest common factor of 3939 and 2121.
303
What is the greatest common factor of 131 and 503695?
131
What is the highest common divisor of 37411 and 17765?
209
Calculate the greatest common divisor of 19 and 27871.
1
Calculate the highest common divisor of 89823 and 1137.
1137
What is the greatest common divisor of 15156 and 144?
36
What is the highest common divisor of 126 and 33278?
14
Calculate the highest common factor of 270 and 5255955.
135
Calculate the highest common divisor of 202832 and 560.
112
What is the highest common divisor of 12386 and 154?
22
Calculate the highest common factor of 15469 and 31.
31
What is the highest common divisor of 216 and 1592136?
216
What is the greatest common divisor of 80688 and 240?
48
What is the greatest common factor of 303 and 69286?
101
Calculate the highest common divisor of 20088 and 1736.
248
Calculate the highest common factor of 55 and 1741135.
55
What is the greatest common divisor of 19930 and 430?
10
What is the highest common divisor of 54397 and 1596?
133
Calculate the greatest common factor of 2864 and 141052.
716
What is the greatest common divisor of 29008 and 29267?
259
Calculate the greatest common divisor of 26563 and 101.
101
What is the greatest common divisor of 2853 and 17?
1
Calculate the highest common factor of 2499 and 563941.
833
Calculate the highest common divisor of 799 and 49249.
17
What is the highest common factor of 21 and 2055081?
21
Calculate the greatest common factor of 60 and 25460.
20
Calculate the highest common divisor of 58 and 145609.
29
What is the highest common divisor of 1248 and 3552?
96
What is the highest common divisor of 63395 and 1636?
409
What is the highest common factor of 14 and 503559?
7
What is the greatest common divisor of 1859 and 11564839?
1859
Calculate the highest common divisor of 1336308 and 171.
57
Calculate the greatest common factor of 290 and 405.
5
What is the greatest common divisor of 527 and 4573?
17
Calculate the greatest common divisor of 690 and 630.
30
What is the highest common divisor of 387 and 981?
9
What is the greatest common divisor of 5772 and 143?
13
Calculate the highest common divisor of 2786 and 528942.
398
What is the greatest common divisor of 12 and 1356?
12
What is the greatest common divisor of 2328 and 500326?
194
What is the highest common factor of 4560 and 13296?
48
What is the greatest common divisor of 1036 and 363118?
518
What is the greatest common factor of 1990 and 5572?
398
Calculate the greatest common factor of 247 and 3610.
19
Calculate the highest common factor of 9610 and 620.
310
Calculate the highest common factor of 213279 and 33.
33
Calculate the highest common divisor of 1096608 and 96.
96
Calculate the greatest common factor of 63 and 10794.
21
Calculate the highest common divisor of 1064 and 14952.
56
Calculate the greatest common factor of 2679 and 10146.
57
Calculate the highest common divisor of 6235 and 2755.
145
What is the greatest common divisor of 4244990 and 2440?
610
What is the highest common factor of 18158 an